89 + -53397. List the prime factors of z.
2, 3, 13, 83
List the prime factors of ((245/(-315))/(2/48))/(1/(-87)).
2, 7, 29
Suppose 56*g + 5*z = 60*g - 13808, -3*g = 5*z - 10426. List the prime factors of g.
2, 3, 577
Let z = -7039 + 10754. What are the prime factors of z?
5, 743
Let j = -466 - -471. Suppose -j*y - 15*y = -980. List the prime factors of y.
7
Let l(r) = 238*r**2 - 11*r + 452. What are the prime factors of l(15)?
7, 7691
Suppose 27*h - 23*h - 630552 = 0. What are the prime factors of (-1)/(-8) - h/(-208)?
2, 379
Suppose 0 = 4*r + 3*t - 44091, t = -4*r + r + 33072. What are the prime factors of r?
3, 5, 7
Let w(f) = 127*f + 7076. What are the prime factors of w(46)?
2, 3, 2153
Suppose -4*p + 76*d - 79*d = -168437, 5*p = -5*d + 210555. What are the prime factors of p?
2, 19, 277
Suppose -187 - 1193 = -5*j. Suppose 280*h - 1704 = j*h. What are the prime factors of h?
2, 3, 71
Suppose 40 = 2*x + 2*j, -3*x = -x - 2*j - 52. Suppose s + 12 = -4*c, -c = 5*s + 7 - x. Suppose -s*h = -2*h - 70. What are the prime factors of h?
5, 7
What are the prime factors of (12/15)/(32/11760)?
2, 3, 7
Let l be 2 - (-1494)/9*4/8. Suppose 3*c = -15, -4*c = g + 53 - 7. Let x = l + g. List the prime factors of x.
59
Let d(m) = 29*m + 49. Let c = 297 + -272. List the prime factors of d(c).
2, 3, 43
Let i(m) = 8*m**2 + 199 + 3*m**2 - 18*m - 4*m**2 + 20*m**2 - 112. List the prime factors of i(8).
3, 557
Suppose 0 = -4*u + 2133 + 11055. What are the prime factors of u?
3, 7, 157
Let z = 190 - 859. Let l be (-23)/92 - z/4. Suppose -7*h + r = -3*h - 200, -3*h = -5*r - l. What are the prime factors of h?
7
Suppose 0 = -14*g + 60*g - 935949 - 153791. List the prime factors of g.
2, 5, 23, 103
Let r be 2*-4*(-216)/64. List the prime factors of 17463/r - (-32)/144.
647
Suppose -5*j = -4*l + 270, -5*j - l - 240 = l. Let g = -47 - j. Suppose -74 = -g*x + 1. What are the prime factors of x?
5
Let r = 129 + -125. Suppose 0 = 2*h - 5*h + r*o - 650, 0 = 2*h + 5*o + 418. What are the prime factors of h/4*((4 - 5) + -1)?
107
Let m(u) = u**3 - 13*u**2 + 17*u + 40. Suppose -16*j + 3*j = -182. What are the prime factors of m(j)?
2, 3, 79
Let x = -3061 + 3168. Let r(w) = -w**2 + 9*w + 1. Let b be r(8). List the prime factors of x + b - (2 - 0/(-1)).
2, 3, 19
Suppose -26*u + 934 = 297*u - 2296. Let j(d) be the third derivative of -d**5/60 + 5*d**4/8 + 3*d**3 + d**2. List the prime factors of j(u).
2, 17
Let w(q) = -87*q**3 + 2. Let d be w(-5). Suppose -37*j - d = -37813. List the prime factors of j.
2, 7, 13
Suppose 1203 + 785 = 5*l + 4*a, -786 = -2*l + 3*a. Suppose -l = 4*j - 4*k, -4 = 3*k - 16. Let g = -15 - j. What are the prime factors of g?
2, 5
Let a(t) = 56*t - 17. Let g(l) = -54*l + 16. Suppose 0 = -5*z - 3*z - 40. Let f(o) = z*g(o) - 4*a(o). What are the prime factors of f(2)?
2, 5
Let t be 6 + (-104)/18 - 8827/(-9). Suppose 0 = -2*s - 2*m + 986, 4*s - m - 976 = t. List the prime factors of s.
2, 5, 7
Suppose -8*y + 2720 = -28752. List the prime factors of y.
2, 7, 281
Suppose 16*v - 11*v - 885 = -4*u, -2*v + 354 = -5*u. Suppose -174*l = -v*l + 909. What are the prime factors of l?
3, 101
Let c be 0/(-5) - 2880/(-1). Suppose 13*s - c = -7*s. List the prime factors of s.
2, 3
Let k be (-2)/3 + (-66)/(-18). Let a(q) = -q**3 + q**2 + 8*q - 2. Let h be a(k). Suppose -85 - 399 = -h*m. List the prime factors of m.
11
Suppose 5*f + 10*k - 186812 = 7*k, 2*f - 5*k - 74700 = 0. What are the prime factors of f?
2, 5, 467
List the prime factors of (3 + -2)/((-69)/(-1767642)).
2, 12809
Let w(a) = a**3 + 12*a**2 - 14*a - 8. Suppose 57 = -8*b - 47. Let p = b - 0. What are the prime factors of w(p)?
5
Suppose 3*l - 18 = -3*u + 4*l, 5*u + 3*l - 16 = 0. Suppose h + 5*k - 116 = 3*h, -232 = 4*h + u*k. Let n = 84 - h. What are the prime factors of n?
2, 71
Let s(q) = 43*q**2 + 11*q + 14. Let m be s(-6). Suppose 2*a - 11*k + 14*k = m, 5*k = a - 774. What are the prime factors of a?
2, 13, 29
Let g = -5803 + 24800. What are the prime factors of g?
11, 157
Let p = 186 - 94. Suppose -u + 257 = 4*s, -u + s + p = -155. What are the prime factors of u?
3, 83
Let f = 9354 + -5385. List the prime factors of f.
3, 7
Suppose -348*y = -275*y - 109573. What are the prime factors of y?
19, 79
Suppose 0 = 5*t + 30, -3*t + 37623 = 3*s - 42768. What are the prime factors of s?
7, 547
Let o = 20 + -32. Let p be -942*(-3)/12*(-8)/o. Suppose 2*i - 59 - p = 0. What are the prime factors of i?
2, 3
Let a(w) = -9551*w**3 + 4*w + 6. List the prime factors of a(-1).
41, 233
Suppose -3*n = -4*i - 27, -5*i + 14 = -4*n + 49. Suppose -n*t + 21 = 2*t. Suppose -t*s + 29 = -2*s + 3*j, 0 = 5*s - j - 113. What are the prime factors of s?
23
Let n(y) = 58*y**2 - 1091*y + 241. What are the prime factors of n(46)?
3, 8087
Suppose 5*d - h - 119991 = 191576, -2*d = -4*h - 124634. What are the prime factors of d?
3, 20771
Let l(j) = j + 242 - j - j - 262. Let k be l(-26). What are the prime factors of (-3 + 136/(-12))/((-2)/k)?
43
Let n = -26102 + 49356. List the prime factors of n.
2, 7, 11, 151
Suppose -10*r - 3*g = -8*r - 3885, r - 1939 = 2*g. List the prime factors of r/7 - (-17)/(1428/(-24)).
277
Let u(k) = -6*k**3 - 9*k - 3*k + 12*k**2 + 7*k**3 + 17. Let y be u(-13). Suppose 119 = 5*t - d - 215, 4*t - 272 = -y*d. List the prime factors of t.
67
Let a be (4/((-64)/(-20)))/((-1)/(-4)). Suppose -881 - 1814 = -a*w. List the prime factors of w.
7, 11
Suppose 0 = 5*i + 2*g - 41419, 0 = 3*i - 2*g - 10324 - 14537. What are the prime factors of i?
5, 1657
Let w(z) = 36*z**2 + 25*z + 28. What are the prime factors of w(3)?
7, 61
Suppose 0 = -57*c + 73*c - 116592. What are the prime factors of c?
3, 7, 347
Suppose -2*v + 120*b - 116*b + 26446 = 0, -3*b = -3*v + 39660. List the prime factors of v.
13217
Suppose 5*l + 42 = 11*l. Suppose -41 - l = -n. Suppose n + 84 = 4*h. List the prime factors of h.
3, 11
Suppose 3*q - 15 + 21 = 0, q + 43864 = 2*i. What are the prime factors of i?
7, 13, 241
Let d(q) = 9*q**2 + 24*q + 23. Let h(i) = -11*i + 405. Let a be h(36). What are the prime factors of d(a)?
2, 11
Let k be -3 - 9/3 - -1. Let a be (-13)/k - 24/40. Suppose 0 = -4*q - 0*q + 12, -q = -a*m + 127. List the prime factors of m.
5, 13
What are the prime factors of 68706/(-12)*-2 + -3?
2, 3, 53
Suppose -31 - 2 = -4*j + 3*f, 33 = 3*j - 5*f. Suppose 663 = j*t - 897. List the prime factors of t.
2, 5, 13
What are the prime factors of (-9)/9 + (17 + 3 + -4)*1613?
131, 197
Suppose -27*p + 22674 = -25*p + 3*w, 0 = 5*p + w - 56685. List the prime factors of p.
3, 3779
Let n be (-14)/(-70) - (-1831)/(-5). Let y = 531 + n. What are the prime factors of y?
3, 5, 11
Let b be 89 + 2 + (0 - 2). Suppose -5*s - 144 = 2*w, -15*s = 4*w - 11*s + 276. Let y = w + b. What are the prime factors of y?
2, 11
Suppose 6*n - 7147 = 10223. List the prime factors of n.
3, 5, 193
Let l(f) = 2*f**2 + 55*f - 66. Let s(o) = -2*o**2 - 56*o + 65. Let k(p) = -6*l(p) - 7*s(p). List the prime factors of k(-42).
5, 173
Suppose h = -0*h - 6*h. Suppose h = -51*s + 55*s - 436. List the prime factors of s.
109
Let u = 32977 + -18391. List the prime factors of u.
2, 3, 11, 13, 17
Suppose 18*r - 328631 = -4*r - 123547. List the prime factors of r.
2, 59, 79
List the prime factors of 1/(-22) + (-7679112)/(-1232).
23, 271
Let i(f) = 27 - 48 - f**3 + 4*f**2 - f + 30. Let g be i(-7). Suppose -q + g = 4*q + 3*t, -t = 5. What are the prime factors of q?
2, 3, 19
Let c = -8135 + 13083. What are the prime factors of c?
2, 1237
Let u = 123 - 128. Let p(o) = 2*o**2 + 8*o + 11. Let f be p(u). Suppose 18*i - f*i + 288 = 0. What are the prime factors of i?
2, 3
What are the prime factors of (-21636)/(-21)*1036/111?
2, 601
Suppose 0 = -21*o + 17*o. List the prime factors of (7 + (-45)/6)*(-1274 - o).
7, 13
Let t(u) = -u**3 - 19*u**2 - 39*u - 1. Let y be t(-21). Let p = y - 1040. List the prime factors of p.
2, 3, 5, 11
Suppose 77 = n - 4*h + 243, -h + 367 = -2*n. Let a = n - -376. Let t = a + -82. What are the prime factors of t?
2, 3
Suppose -40*x + 12*x + 224 = 0. List the prime factors of (-12)/(-2*x/640).
2, 3, 5
Let d(g) be the second derivative of -7*g + 1/6*g**3 + 0 + 29/2*g**2 + 1/6*g**4. List the prime factors of d(0).
29
Suppose 5*j + 0*j + 1593 = -3*t, -2*j = -t + 646. Let q = j - -